hest common divisor of 20471 and 52534169.
1861
What is the highest common divisor of 1055 and 3617?
1
What is the highest common factor of 155134516 and 23508?
2612
What is the greatest common divisor of 18807 and 312?
3
What is the highest common divisor of 184402 and 19454?
274
What is the highest common factor of 5334 and 193151252?
1778
What is the highest common factor of 37040750 and 2250?
250
What is the highest common factor of 85 and 805255?
5
What is the highest common factor of 88645936 and 7872?
656
What is the highest common factor of 24 and 5251520?
8
Calculate the highest common divisor of 122 and 280113037.
61
Calculate the greatest common divisor of 188 and 35905462.
94
What is the greatest common factor of 68 and 35292238?
34
What is the highest common divisor of 2680 and 2116664?
536
What is the highest common factor of 81124 and 43754468?
4772
Calculate the greatest common factor of 16 and 49630052.
4
Calculate the greatest common factor of 13841764 and 1312.
164
What is the greatest common divisor of 25889064 and 24?
24
Calculate the highest common divisor of 14145818 and 2.
2
Calculate the greatest common factor of 1533500 and 1700.
100
What is the greatest common factor of 2123 and 59127673?
2123
Calculate the highest common divisor of 16 and 73975840.
16
What is the highest common factor of 32512 and 30353?
127
What is the highest common divisor of 1552281 and 10170?
339
What is the highest common factor of 2080 and 59594912?
416
Calculate the greatest common divisor of 668 and 370907.
167
What is the highest common factor of 4084 and 975400098?
2042
What is the highest common factor of 120 and 258186?
6
What is the highest common factor of 12977398 and 84?
14
Calculate the highest common factor of 556491 and 975.
39
Calculate the greatest common factor of 42720 and 55992.
24
Calculate the highest common divisor of 109395 and 1354730.
1105
Calculate the greatest common factor of 32 and 1718188.
4
What is the greatest common divisor of 96115 and 49350?
235
What is the greatest common factor of 15516 and 64656?
36
What is the greatest common divisor of 6817733 and 91?
13
What is the highest common factor of 3176250 and 5335?
55
Calculate the greatest common divisor of 16482561 and 18.
3
Calculate the greatest common divisor of 2842 and 349972.
406
What is the greatest common divisor of 1022 and 35705103?
511
What is the highest common divisor of 20 and 17119780?
20
Calculate the greatest common divisor of 165897 and 181.
1
What is the highest common divisor of 44 and 15476362?
22
Calculate the greatest common divisor of 2380961 and 99.
11
Calculate the greatest common factor of 1622954 and 825262.
1838
Calculate the highest common factor of 75142430 and 4740.
790
What is the highest common factor of 15 and 1682735?
5
Calculate the highest common factor of 4832200 and 30.
10
Calculate the highest common divisor of 2002 and 39334932.
182
What is the greatest common divisor of 23104564 and 84?
28
What is the greatest common factor of 124331 and 1254389?
1231
Calculate the greatest common divisor of 43917120 and 322.
46
Calculate the highest common factor of 50167 and 145318363.
3859
Calculate the greatest common factor of 116 and 7351703.
29
Calculate the highest common divisor of 36 and 4660.
4
Calculate the greatest common factor of 43159019 and 9635.
1927
What is the greatest common factor of 595 and 10795204?
119
Calculate the highest common factor of 49819653 and 42997.
1387
What is the highest common factor of 7326 and 180486?
666
Calculate the greatest common factor of 120096750 and 750.
750
Calculate the greatest common factor of 2450 and 4156850.
50
Calculate the highest common divisor of 2712 and 157848.
24
Calculate the greatest common factor of 607633 and 5510063.
559
What is the highest common factor of 48514216 and 2291?
2291
What is the highest common divisor of 4585 and 4902065?
35
Calculate the greatest common factor of 52631353 and 111.
37
Calculate the greatest common factor of 7500105760 and 581.
581
Calculate the greatest common divisor of 40 and 12255590.
10
What is the greatest common divisor of 1082530294 and 4052?
2026
Calculate the greatest common divisor of 35492300 and 33950.
4850
What is the highest common divisor of 174132 and 18508?
28
Calculate the greatest common divisor of 1629 and 3959556.
543
Calculate the highest common divisor of 70500 and 12120.
60
What is the greatest common factor of 2674 and 3657268?
382
Calculate the greatest common factor of 260 and 1036960.
20
Calculate the greatest common divisor of 2757822 and 124.
62
What is the highest common factor of 2279 and 858441?
53
Calculate the highest common divisor of 227511 and 222564.
51
Calculate the greatest common divisor of 508269 and 24298825.
8917
What is the greatest common divisor of 162961 and 134713?
107
Calculate the highest common factor of 103200 and 40603200.
2400
Calculate the highest common divisor of 1496161476 and 5211.
5211
Calculate the highest common divisor of 3040 and 1639520.
160
Calculate the highest common divisor of 12438928 and 16.
16
What is the greatest common divisor of 22050 and 31081925?
1225
Calculate the greatest common divisor of 8033639 and 202946.
2159
Calculate the greatest common factor of 486678 and 5046.
174
Calculate the highest common divisor of 104111315 and 88.
11
Calculate the highest common divisor of 4397920 and 704.
32
Calculate the highest common factor of 465411059 and 139.
139
What is the greatest common factor of 266308 and 24976?
28
What is the highest common divisor of 172155 and 368?
23
Calculate the highest common divisor of 55776 and 202437.
249
Calculate the greatest common divisor of 12 and 7054860.
12
What is the highest common divisor of 54247675 and 775?
775
Calculate the highest common divisor of 396592 and 26992.
112
What is the greatest common divisor of 162483 and 9126789?
3963
What is the greatest common divisor of 2112 and 462363?
33
Calculate the highest common factor of 5455873 and 1007.
53
Calculate the highest common divisor of 1711658 and 8342.
86
Calculate the highest common factor of 8374 and 9203658.
158
Calculate the highest common factor of 20 and 9782555.
5
What is the highest common divisor of 430 and 1035913?
43
What is the greatest common factor of 473114 and 109498?
2066
Calculate the greatest common factor of 122473280 and 576.
64
Calculate the highest common divisor of 1118 and 1366443.
13
Calculate the greatest common factor of 19516 and 811011775.
4879
Calculate the greatest common factor of 22312 and 13336.
8
Calculate the highest common divisor of 59036 and 2260.
4
What is the greatest common factor of 7197366 and 90767?
653
Calculate the greatest common factor of 3477 and 5883267.
183
Calculate the greatest common factor of 63816740 and 156.
52
What is the highest common divisor of 2999056 and 1568?
16
Calculate the greatest common factor of 37345 and 1825152.
679
What is the highest common divisor of 76755 and 10232215?
595
Calculate the greatest common factor of 10761 and 70431.
51
Calculate the highest common factor of 64175 and 14195.
85
What is the greatest common divisor of 23890069 and 973?
973
Calculate the highest common divisor of 60913088 and 208.
16
Calculate the greatest common factor of 440757496 and 137.
137
Calculate the highest common factor of 230 and 66414938.
46
Calculate the highest common divisor of 6024501 and 2736.
171
What is the greatest common factor of 262287 and 152208?
1359
Calculate the highest common divisor of 169782454 and 1132.
566
What is the greatest common divisor of 38 and 6215413?
19
What is the greatest common factor of 120259760 and 80?
80
What is the greatest common divisor of 47453021 and 3773?
3773
What is the greatest common factor of 14076118 and 14?
14
Calculate the highest common factor of 27679 and 189399.
311
Calculate the greatest common divisor of 67624 and 900512.
856
Calculate the greatest common divisor of 2864 and 8939081.
179
What is the greatest common factor of 1560 and 83180460?
60
Calculate the highest common divisor of 1278011 and 2562.
427
What is the highest common divisor of 49 and 4287367?
7
What is the highest common factor of 7425 and 217102545?
1485
Calculate the hig